{"id":214,"date":"2023-02-27T12:20:14","date_gmt":"2023-02-27T11:20:14","guid":{"rendered":"http:\/\/jean-jacques-wunenburger.com\/?page_id=214"},"modified":"2023-09-17T15:29:52","modified_gmt":"2023-09-17T13:29:52","slug":"directions-editoriales","status":"publish","type":"page","link":"https:\/\/jean-jacques-wunenburger.com\/index.php\/directions-editoriales\/","title":{"rendered":"Directions \u00e9ditoriales"},"content":{"rendered":"\t\t<div data-elementor-type=\"wp-page\" data-elementor-id=\"214\" class=\"elementor elementor-214\">\n\t\t\t\t<div class=\"elementor-element elementor-element-4f0f183 e-flex e-con-boxed e-con e-parent\" data-id=\"4f0f183\" data-element_type=\"container\" data-e-type=\"container\">\n\t\t\t\t\t<div class=\"e-con-inner\">\n\t\t\t\t<div class=\"elementor-element elementor-element-00d6970 elementor-widget elementor-widget-heading\" data-id=\"00d6970\" data-element_type=\"widget\" data-e-type=\"widget\" data-widget_type=\"heading.default\">\n\t\t\t\t<div class=\"elementor-widget-container\">\n\t\t\t\t\t<h1 class=\"elementor-heading-title elementor-size-xxl\">Directions \u00e9ditoriales<\/h1>\t\t\t\t<\/div>\n\t\t\t\t<\/div>\n\t\t\t\t\t<\/div>\n\t\t\t\t<\/div>\n\t\t<div class=\"elementor-element elementor-element-a3ea9f3 e-flex e-con-boxed e-con e-parent\" data-id=\"a3ea9f3\" data-element_type=\"container\" data-e-type=\"container\">\n\t\t\t\t\t<div class=\"e-con-inner\">\n\t\t\t\t<div class=\"elementor-element elementor-element-aa85c2e elementor-widget elementor-widget-text-editor\" data-id=\"aa85c2e\" data-element_type=\"widget\" data-e-type=\"widget\" data-widget_type=\"text-editor.default\">\n\t\t\t\t<div class=\"elementor-widget-container\">\n\t\t\t\t\t\t\t\t\t<p>Les directions \u00e9ditoriales ont occup\u00e9 une place consid\u00e9rable dans l&#8217;activit\u00e9 universitaire de Jean-Jacques Wunenburger. <span style=\"color: var( --e-global-color-text ); font-family: var( --e-global-typography-text-font-family ), Sans-serif; font-weight: var( --e-global-typography-text-font-weight );\">Dans ce cadre il a \u00e9dit\u00e9 pr\u00e8s d&#8217;une quarantaine d&#8217;ouvrages collectifs. Occupant ainsi divers responsabilit\u00e9s \u00e9ditoriales dont certaines pour le Centre Gaston Bachelard.<\/span><\/p><p>En dehors des publications en propre et de directions d\u2019ouvrages collectifs, J.J. Wunenburger a \u00e9t\u00e9 responsable de plusieurs collections dans des maisons d\u2019\u00e9dition universitaires ou priv\u00e9es.<\/p><ul><li>Universit\u00e9 de Dijon , catalogue de 80 ouvrages dans des collections diverses (Voir catalogue) ; Annales doctorales<\/li><li>Universit\u00e9 de Lyon 3 : Diagonales Phi (5 titres)<\/li><\/ul><p>Publications de la facult\u00e9 de philosophie\u00a0; collections \u00ab\u00a0Colloque\u00a0\u00bb, \u00ab\u00a0Annales\u00a0\u00bb, \u00ab\u00a0International\u00a0\u00bb (12 titres)<\/p><p>Aux Editions du Hameau\u00a0(Paris) :\u00a0 2 titres<\/p><p>Chez EME (Louvain-la-neuve) avec V. Tirloni (co-directrice) 15 titres parus dans la collection Transversales philosophiques.<\/p>\t\t\t\t\t\t\t\t<\/div>\n\t\t\t\t<\/div>\n\t\t\t\t\t<\/div>\n\t\t\t\t<\/div>\n\t\t<div class=\"elementor-element elementor-element-2a58189 e-flex e-con-boxed e-con e-parent\" data-id=\"2a58189\" data-element_type=\"container\" data-e-type=\"container\">\n\t\t\t\t\t<div class=\"e-con-inner\">\n\t\t\t\t<div class=\"elementor-element elementor-element-7a0d760 elementor-widget elementor-widget-heading\" data-id=\"7a0d760\" data-element_type=\"widget\" data-e-type=\"widget\" data-widget_type=\"heading.default\">\n\t\t\t\t<div class=\"elementor-widget-container\">\n\t\t\t\t\t<h2 class=\"elementor-heading-title elementor-size-default\">\u00c9ditions d'ouvrages collectifs<\/h2>\t\t\t\t<\/div>\n\t\t\t\t<\/div>\n\t\t\t\t\t<\/div>\n\t\t\t\t<\/div>\n\t\t<div class=\"elementor-element elementor-element-67621ea e-flex e-con-boxed e-con e-parent\" data-id=\"67621ea\" data-element_type=\"container\" data-e-type=\"container\">\n\t\t\t\t\t<div class=\"e-con-inner\">\n\t\t\t\t<div class=\"elementor-element elementor-element-908be90 elementor-widget elementor-widget-text-editor\" data-id=\"908be90\" data-element_type=\"widget\" data-e-type=\"widget\" data-widget_type=\"text-editor.default\">\n\t\t\t\t<div class=\"elementor-widget-container\">\n\t\t\t\t\t\t\t\t\t<ol><li><strong>VIENNE 1900, NAISSANCE DU SI\u00c8CLE, MYTHE ET R\u00c9ALIT\u00c9S<\/strong>, \u00c9ditions Universitaires de Dijon, 1986, 98 p.<\/li><li><strong>ART, MYTHE ET CR\u00c9ATION<\/strong>, \u00c9ditions Le Hameau, Coll. &#8220;Figures libres&#8221;, 1988, 128 p. R\u00e9\u00e9dition r\u00e9vis\u00e9e et compl\u00e9t\u00e9e, \u00c9ditions universitaires de Dijon, 1998, 136 p.<\/li><li><strong>L&#8217;ID\u00c9E DE NATION<\/strong>\u00a0 (avec Jean Ferrari), \u00c9ditions Universitaires de Dijon, 1989, 232 p.<\/li><li><strong>L&#8217;ESPACE ET LE TEMPS<\/strong> (avec Jean Ferrari et Andr\u00e9 Robinet). Actes du XXII\u00e8me Congr\u00e8s des Soci\u00e9t\u00e9s de philosophie de langue fran\u00e7aise, Vrin, 1991, 496 p.<\/li><li><strong>LES RYTHMES, LECTURES ET TH\u00c9ORIES<\/strong>, Actes de la D\u00e9cade de Cerisy-La Salle de 1989. \u00c9ditions L&#8217;Harmattan, Coll.&#8221;Conversciences&#8221;, 1992, 248 p.<\/li><li><strong>FIGURES DE LA FORME<\/strong> (avec Jean Gayon). Pr\u00e9face d&#8217;Etienne Wolff, de l&#8217;Acad\u00e9mie fran\u00e7aise. \u00c9ditions L&#8217;Harmattan, Coll.&#8221;Conversciences&#8221;, 1992, 310 p.<\/li><li><strong>LA RENCONTRE DES IMAGINAIRES ENTRE EUROPE ET AMERIQUES<\/strong> (avec Luc Bureau et Jean Ferrari). \u00c9ditions\u00a0 L&#8217;Harmattan, Coll. &#8220;Recherches et documents Am\u00e9riques latines&#8221;, 1993, 270 p.<\/li><li><strong>LA COULEUR<\/strong> (avec Lambros Couloubaritsis). \u00c9ditions Ousia, Bruxelles, Coll. &#8220;Recueil&#8221;, 1993, 382 p.<\/li><li><strong>RAYMOND RUYER, DE LA SCIENCE A LA TH\u00c9OLOGIE<\/strong> (avec Louis Vax), Kim\u00e8, 1995, 352 p.<\/li><li><strong>LE PARADIGME DE LA FILIATION<\/strong> (avec Jean Gayon). Pr\u00e9face de Pierre Legendre\u00a0 \u00a0 \u00a0 \u00c9ditions L&#8217;Harmattan, Coll. &#8220;Conversciences&#8221;, 1995, 446 p.<\/li><li><strong>RYTHMES ET PHILOSOPHIE<\/strong> (avec Pierre Sauvanet) Ed. Kim\u00e8, 1996, 240 p.<\/li><li><strong>AUTOUR DE KENNETH WHITE<\/strong>, Espace, pens\u00e9e, po\u00e9tique. \u00c9ditions Universitaires de Dijon, Coll. &#8220;Figures libres&#8221;, 1996, 230 p.<\/li><li><strong>LIRE L&#8217;ESPACE<\/strong> (avec Jacques Poirier). Ed. Ousia, Bruxelles, 1996, 440 p.<\/li><li><strong>LES FIGURES DU TEMPS<\/strong> (avec Lambros Couloubaritsis). Publications Universitaires de Strasbourg, 1997, 398 p.<\/li><li><strong>GASTON BACHELARD DANS LE MONDE<\/strong> (avec Jean Gayon). Presses Universitaires de France, &#8220;Science, histoire et soci\u00e9t\u00e9&#8221;, 2000.<\/li><li><strong>LA RENAISSANCE OU L&#8217;INVENTION D&#8217;UN ESPACE, <\/strong>\u00c9ditions Universitaires de Dijon, &#8220;Figures libres&#8221;, 2000.<\/li><li><strong>LA FINALIT\u00c9 EN QUESTION<\/strong> (avec Michel Bastit)&#8221;Conversciences&#8221;, L&#8217;Harmattan, 2001, 383 pages<\/li><li><strong> UNE PHILOSOPHIE COSMOPOLITE<\/strong>, Hommages \u00e0 Jean Ferrari (avec M.Perrot)\u00c9ditions\u00a0 universitaires de Dijon, 2001\u00a0 \u00a0 \u00a0<\/li><li><strong>MYTHE ET PHILOSOPHIE, LES TRADITIONS BIBLIQUES<\/strong> (avec Christian Berner) Presses Universitaires de France, 2002, 272 p<\/li><li><strong>GASTON BACHELARD ET L&#8217;EPISTEMOLOGIE FRANCAISE. <\/strong>Presses Universitaires de France, Coll. D\u00e9bats, 2003,\u00a0 215 p. Traduction en espagnol,\u00a0 <strong>BACHELARD Y LA EPISTEMOLOGIA FRANCESCA<\/strong>,\u00a0 Buenos Aires, ed Nueva Vision, Claves, 2006<\/li><li><strong>Y A-T-IL UNE HISTOIRE DE LA M\u00c9TAPHYSIQUE ?<\/strong> (avec B.Pinchard et Y.-Ch.Zarka). Colloque de Lyon, d\u00e9cembre 2001, Presses Universitaires de France, 2006<\/li><li><strong>GASTON BACHELARD ET L\u2019\u00c9CRITURE<\/strong> (avec M.Perrot). Actes du colloque de Dijon, 2002, Cahiers G. Bachelard, hors s\u00e9rie, 2004.<\/li><li><strong>IMAGES, FORMES ET D\u00c9FORMATIONS<\/strong> (avec M.Carbone et G.Vladutescu. Actes du colloque\u00a0 des 6-7 f\u00e9vrier 2004 \u00e0 Lyon, 189 p, \u00c9ditions Universit\u00e9 Jean Moulin, Lyon3, 2005.<\/li><li><strong>LA DIFF\u00c9RENCE ANTHROPOLOGIQUE \u00c0 L\u2019\u00c8RE DES BIOTECHNOLOGIES<\/strong> (avec J.Ferrari. Actes du colloque de la FISP \u00e0 Lyon en octobre 2003, \u00c9ditions Universit\u00e9 Jean Moulin, Lyon3, 2005, 170 p.<\/li><li><strong> LA RECHERCHE PHILOSOPHIQUE<\/strong> et l\u2019organisation des Masters en Europe (avec Cl.Debru). Actes du colloque des 16-17 janvier 2004,\u00a0 L\u2019Harmattan, 2006, 230 p.<\/li><li><strong>EDUCACAO E IMAGINARIO<\/strong>, Introducao a uma filosofia di imaginario educacional (avec Alberto Filipe Araujo), Sao Paulo, Cortez Editoria, 2006, 118 p.<\/li><li><strong>PRATIQUES SOIGNANTES, \u00c9THIQUE ET SOCI\u00c9T\u00c9S. <\/strong>Actes du colloque d\u2019avril 2005 de Lyon3, mis en ligne sur Encyclop\u00e9die AGORA (<a href=\"http:\/\/www.agora.qc.ca\">www.agora.qc.ca<\/a>)<\/li><li><strong>D\u00c9FINITIONS DIVERGENTES DE LA LA\u00cfCIT\u00c9<\/strong>, France-Qu\u00e9bec. Actes de Entretiens Jacques Cartier 2005, \u00e0 para\u00eetre Encyclop\u00e9die num\u00e9rique AGORA.<\/li><li><strong>BACHELARD ET BERGSON<\/strong>, continuit\u00e9 et discontinuit\u00e9 (avec F. Worms). PUF, 2008, 292 p.<\/li><li><strong>MIRCEA ELIADE ET LA PENSEE MYTHIQUE<\/strong> (avec Ionel Buse), Cahiers Symbolon, Universit\u00e9 Craiova, 2008, 326 p.<\/li><li><strong>ESTH\u00c9TIQUES DE l&#8217;ESPACE<\/strong>, Orient et Occident, (avec V. Tirloni). Milan Mimesis,, 2010, 300 p.<\/li><li><strong>VARIATIONS SUR L\u2019IMAGINAIRE<\/strong>, l\u2019\u00e9pist\u00e9mologie ouverte de Gilbert Durand, orientations et innovations (avec Y. Durand, J.P.Sironneau et Ph. Araujo), EME, 2011,\u00a0 306 p.<\/li><li><strong>GASTON BACHELARD<\/strong>, science et po\u00e9tique, une nouvelle \u00e9thique ?, Hermann, 2013, 584 p<\/li><li><p><strong>OS TRABALHOS DA IMAGINACAO<\/strong> (avec F. Araujo,\u00a0 R de Almeida), 564 p,\u00a0 Editora UFPB, Joa Pessoa, Br\u00e9sil, 2018.<\/p><\/li><li><p>\u00a0<strong>RYTHMANALYSES<\/strong>, th\u00e9ories et pratiques du rythme, ontologie, d\u00e9finitions, variations, (avec Julien Lamy) J Andr\u00e9 ed., Lyon, 2018, 252 p.<\/p><\/li><li><p><strong>L\u2019ALSACE, UNE INQUI\u00c9TANTE \u00c9TRANGET\u00c9<\/strong> (Avec Jean Libis), r\u00e9cits-essais, Les \u00c9ditions Sp\u00e9ciales, 2021.<\/p><\/li><li><p><strong>IMAGINAIRE ET NEUROSCIENCES<\/strong>, p\u00e9r\u00e9nnit\u00e9 et actualisation de l&#8217;\u0153uvre de G. Duarnd (avec P. Bouvier et P. Hot), Hermann \u00e9diteur, 2022.<\/p><\/li><\/ol>\t\t\t\t\t\t\t\t<\/div>\n\t\t\t\t<\/div>\n\t\t\t\t\t<\/div>\n\t\t\t\t<\/div>\n\t\t<div class=\"elementor-element elementor-element-5d7e311 e-flex e-con-boxed e-con e-parent\" data-id=\"5d7e311\" data-element_type=\"container\" data-e-type=\"container\">\n\t\t\t\t\t<div class=\"e-con-inner\">\n\t\t\t\t<div class=\"elementor-element elementor-element-bf5ec86 elementor-widget elementor-widget-heading\" data-id=\"bf5ec86\" data-element_type=\"widget\" data-e-type=\"widget\" data-widget_type=\"heading.default\">\n\t\t\t\t<div class=\"elementor-widget-container\">\n\t\t\t\t\t<h2 class=\"elementor-heading-title elementor-size-default\">Responsabilit\u00e9s \u00e9ditoriales<\/h2>\t\t\t\t<\/div>\n\t\t\t\t<\/div>\n\t\t\t\t\t<\/div>\n\t\t\t\t<\/div>\n\t\t<div class=\"elementor-element elementor-element-bab3b96 e-flex e-con-boxed e-con e-parent\" data-id=\"bab3b96\" data-element_type=\"container\" data-e-type=\"container\">\n\t\t\t\t\t<div class=\"e-con-inner\">\n\t\t\t\t<div class=\"elementor-element elementor-element-210cff6 elementor-widget elementor-widget-text-editor\" data-id=\"210cff6\" data-element_type=\"widget\" data-e-type=\"widget\" data-widget_type=\"text-editor.default\">\n\t\t\t\t<div class=\"elementor-widget-container\">\n\t\t\t\t\t\t\t\t\t<p><span style=\"text-decoration: underline;\">DIRECTEUR DE COLLECTION (\u00e0 l\u2019Universit\u00e9 de Bourgogne)<\/span><\/p><ul><li>Cahiers FIGURES (30 num\u00e9ros parus)<\/li><li>Cahiers sur l\u2019image, le symbole et le mythe (16 num\u00e9ros parus)<\/li><li>Bulletin de liaison des Centres de recherche sur l\u2019imaginaire (24 num\u00e9ros parus)<\/li><li>CAHIERS GASTON BACHELARD (13 num\u00e9ros)<\/li><\/ul><p><span style=\"text-decoration: underline;\">DIRECTEUR DE COLLECTION \u00e0 l&#8217;Universit\u00e9 de Lyon3. <\/span>Publications de la facult\u00e9 de philosophie de l&#8217;Universit\u00e9 Jean Moulin Lyon3, s\u00e9rie Colloques, s\u00e9rie International, s\u00e9rie Annales<\/p><p><span style=\"text-decoration: underline;\">DIRECTEUR de &#8220;Diagonales Phi&#8221;, revue de la facult\u00e9 de philosophie<\/span><\/p><p><span style=\"text-decoration: underline;\">DIRECTEUR DE COLLECTION<\/span> : &#8220;Transversales philosophiques&#8221;, EME Editions modulaires europ\u00e9ennes, Fernelmont-\u00a0 Belgique<\/p><p><span style=\"text-decoration: underline;\">CO-DIRECTION REVUE SYMBOLON, <\/span>Centre M. Eliade Universit\u00e9 de Craiova (Roumanie)<\/p><p><span style=\"text-decoration: underline;\">DIRECTEUR de la Lettre des amis de Gaston Bachelard<\/span>, 12 num\u00e9ros (2010-2015)<\/p><p><span style=\"text-decoration: underline;\">CO-DIRECTEUR de l\u2019\u00c9dition PUF<\/span> \u00ab\u00a0Quadrige\u00a0\u00bb, G.Bachelard, avec dossier critique,<\/p><p><span style=\"text-decoration: underline;\">MEMBRE de comit\u00e9 scientifiques de revues<\/span>\u00a0:<\/p><ul><li>Europea<\/li><li>Studi est\u00e9tica<\/li><\/ul><p>etc<\/p><p>\u00a0<\/p>\t\t\t\t\t\t\t\t<\/div>\n\t\t\t\t<\/div>\n\t\t\t\t\t<\/div>\n\t\t\t\t<\/div>\n\t\t<div class=\"elementor-element elementor-element-d98793b e-flex e-con-boxed e-con e-parent\" data-id=\"d98793b\" data-element_type=\"container\" data-e-type=\"container\">\n\t\t\t\t\t<div class=\"e-con-inner\">\n\t\t\t\t<div class=\"elementor-element elementor-element-fc8ceee elementor-widget elementor-widget-heading\" data-id=\"fc8ceee\" data-element_type=\"widget\" data-e-type=\"widget\" data-widget_type=\"heading.default\">\n\t\t\t\t<div class=\"elementor-widget-container\">\n\t\t\t\t\t<h2 class=\"elementor-heading-title elementor-size-default\">\u00c9ditions \u00e0 Dijon pour le Centre Gaston Bachelard<\/h2>\t\t\t\t<\/div>\n\t\t\t\t<\/div>\n\t\t\t\t\t<\/div>\n\t\t\t\t<\/div>\n\t\t<div class=\"elementor-element elementor-element-9642667 e-flex e-con-boxed e-con e-parent\" data-id=\"9642667\" data-element_type=\"container\" data-e-type=\"container\">\n\t\t\t\t\t<div class=\"e-con-inner\">\n\t\t\t\t<div class=\"elementor-element elementor-element-f4316b3 elementor-widget elementor-widget-text-editor\" data-id=\"f4316b3\" data-element_type=\"widget\" data-e-type=\"widget\" data-widget_type=\"text-editor.default\">\n\t\t\t\t<div class=\"elementor-widget-container\">\n\t\t\t\t\t\t\t\t\t<p>\u00c9ditions \u00e0 Dijon dans le cadre du Centre Gaston Bachelard : <a href=\"https:\/\/www.idref.fr\/032116187\" target=\"_blank\" rel=\"noopener\">https:\/\/www.idref.fr\/032116187<\/a><\/p>\t\t\t\t\t\t\t\t<\/div>\n\t\t\t\t<\/div>\n\t\t\t\t\t<\/div>\n\t\t\t\t<\/div>\n\t\t\t\t<\/div>\n\t\t","protected":false},"excerpt":{"rendered":"<p>Directions \u00e9ditoriales Les directions \u00e9ditoriales ont occup\u00e9 une place consid\u00e9rable dans l&#8217;activit\u00e9 universitaire de Jean-Jacques Wunenburger. Dans ce cadre il a \u00e9dit\u00e9 pr\u00e8s d&#8217;une quarantaine d&#8217;ouvrages collectifs. Occupant ainsi divers responsabilit\u00e9s \u00e9ditoriales dont certaines pour le Centre Gaston Bachelard. En dehors des publications en propre et de directions d\u2019ouvrages collectifs, J.J. Wunenburger a \u00e9t\u00e9 responsable<\/p>\n<div class=\"more-link\">\n\t\t\t\t <a href=\"https:\/\/jean-jacques-wunenburger.com\/index.php\/directions-editoriales\/\" class=\"link-btn theme-btn\"><span>Read More <\/span> <i class=\"fa fa-caret-right\"><\/i><\/a>\n\t\t\t<\/div>\n","protected":false},"author":1,"featured_media":1230,"parent":0,"menu_order":0,"comment_status":"closed","ping_status":"closed","template":"","meta":{"om_disable_all_campaigns":false,"_monsterinsights_skip_tracking":false,"_monsterinsights_sitenote_active":false,"_monsterinsights_sitenote_note":"","_monsterinsights_sitenote_category":0,"_uf_show_specific_survey":0,"_uf_disable_surveys":false,"footnotes":""},"class_list":["post-214","page","type-page","status-publish","has-post-thumbnail","hentry"],"aioseo_notices":[],"yoast_head":"<!-- This site is optimized with the Yoast SEO plugin v27.4 - https:\/\/yoast.com\/product\/yoast-seo-wordpress\/ -->\n<title>Directions \u00e9ditoriales - Jean-Jacques Wunenburger<\/title>\n<meta name=\"description\" content=\"Directions \u00e9ditoriales de Jean-Jacques Wunenburger, livres et articles de philosophie dirig\u00e9es par Jean-Jacques Wunenburger\" \/>\n<meta name=\"robots\" content=\"index, follow, max-snippet:-1, max-image-preview:large, max-video-preview:-1\" \/>\n<link rel=\"canonical\" href=\"http:\/\/jean-jacques-wunenburger.com\/index.php\/directions-editoriales\/\" \/>\n<meta property=\"og:locale\" content=\"en_US\" \/>\n<meta property=\"og:type\" content=\"article\" \/>\n<meta property=\"og:title\" content=\"Directions \u00e9ditoriales - Jean-Jacques Wunenburger\" \/>\n<meta property=\"og:description\" content=\"Directions \u00e9ditoriales de Jean-Jacques Wunenburger, livres et articles de philosophie dirig\u00e9es par Jean-Jacques Wunenburger\" \/>\n<meta property=\"og:url\" content=\"http:\/\/jean-jacques-wunenburger.com\/index.php\/directions-editoriales\/\" \/>\n<meta property=\"og:site_name\" content=\"Jean-Jacques Wunenburger\" \/>\n<meta property=\"article:modified_time\" content=\"2023-09-17T13:29:52+00:00\" \/>\n<meta property=\"og:image\" content=\"http:\/\/jean-jacques-wunenburger.com\/wp-content\/uploads\/2023\/07\/laptop-3196481_1280.jpg\" \/>\n\t<meta property=\"og:image:width\" content=\"1280\" \/>\n\t<meta property=\"og:image:height\" content=\"853\" \/>\n\t<meta property=\"og:image:type\" content=\"image\/jpeg\" \/>\n<meta name=\"twitter:card\" content=\"summary_large_image\" \/>\n<meta name=\"twitter:label1\" content=\"Est. reading time\" \/>\n\t<meta name=\"twitter:data1\" content=\"5 minutes\" \/>\n<script type=\"application\/ld+json\" class=\"yoast-schema-graph\">{\"@context\":\"https:\\\/\\\/schema.org\",\"@graph\":[{\"@type\":\"WebPage\",\"@id\":\"http:\\\/\\\/jean-jacques-wunenburger.com\\\/index.php\\\/directions-editoriales\\\/\",\"url\":\"http:\\\/\\\/jean-jacques-wunenburger.com\\\/index.php\\\/directions-editoriales\\\/\",\"name\":\"Directions \u00e9ditoriales - Jean-Jacques Wunenburger\",\"isPartOf\":{\"@id\":\"https:\\\/\\\/jean-jacques-wunenburger.com\\\/#website\"},\"primaryImageOfPage\":{\"@id\":\"http:\\\/\\\/jean-jacques-wunenburger.com\\\/index.php\\\/directions-editoriales\\\/#primaryimage\"},\"image\":{\"@id\":\"http:\\\/\\\/jean-jacques-wunenburger.com\\\/index.php\\\/directions-editoriales\\\/#primaryimage\"},\"thumbnailUrl\":\"https:\\\/\\\/jean-jacques-wunenburger.com\\\/wp-content\\\/uploads\\\/2023\\\/07\\\/laptop-3196481_1280.jpg\",\"datePublished\":\"2023-02-27T11:20:14+00:00\",\"dateModified\":\"2023-09-17T13:29:52+00:00\",\"description\":\"Directions \u00e9ditoriales de Jean-Jacques Wunenburger, livres et articles de philosophie dirig\u00e9es par Jean-Jacques Wunenburger\",\"breadcrumb\":{\"@id\":\"http:\\\/\\\/jean-jacques-wunenburger.com\\\/index.php\\\/directions-editoriales\\\/#breadcrumb\"},\"inLanguage\":\"en-US\",\"potentialAction\":[{\"@type\":\"ReadAction\",\"target\":[\"http:\\\/\\\/jean-jacques-wunenburger.com\\\/index.php\\\/directions-editoriales\\\/\"]}]},{\"@type\":\"ImageObject\",\"inLanguage\":\"en-US\",\"@id\":\"http:\\\/\\\/jean-jacques-wunenburger.com\\\/index.php\\\/directions-editoriales\\\/#primaryimage\",\"url\":\"https:\\\/\\\/jean-jacques-wunenburger.com\\\/wp-content\\\/uploads\\\/2023\\\/07\\\/laptop-3196481_1280.jpg\",\"contentUrl\":\"https:\\\/\\\/jean-jacques-wunenburger.com\\\/wp-content\\\/uploads\\\/2023\\\/07\\\/laptop-3196481_1280.jpg\",\"width\":1280,\"height\":853,\"caption\":\"directions \u00e9ditoriales de jean-jacques wunenburger\"},{\"@type\":\"BreadcrumbList\",\"@id\":\"http:\\\/\\\/jean-jacques-wunenburger.com\\\/index.php\\\/directions-editoriales\\\/#breadcrumb\",\"itemListElement\":[{\"@type\":\"ListItem\",\"position\":1,\"name\":\"Accueil\",\"item\":\"https:\\\/\\\/jean-jacques-wunenburger.com\\\/\"},{\"@type\":\"ListItem\",\"position\":2,\"name\":\"Directions \u00e9ditoriales\"}]},{\"@type\":\"WebSite\",\"@id\":\"https:\\\/\\\/jean-jacques-wunenburger.com\\\/#website\",\"url\":\"https:\\\/\\\/jean-jacques-wunenburger.com\\\/\",\"name\":\"Jean-Jacques Wunenburger\",\"description\":\"Philosophe, Professeur \u00e9m\u00e9rite\",\"potentialAction\":[{\"@type\":\"SearchAction\",\"target\":{\"@type\":\"EntryPoint\",\"urlTemplate\":\"https:\\\/\\\/jean-jacques-wunenburger.com\\\/?s={search_term_string}\"},\"query-input\":{\"@type\":\"PropertyValueSpecification\",\"valueRequired\":true,\"valueName\":\"search_term_string\"}}],\"inLanguage\":\"en-US\"}]}<\/script>\n<!-- \/ Yoast SEO plugin. -->","yoast_head_json":{"title":"Directions \u00e9ditoriales - Jean-Jacques Wunenburger","description":"Directions \u00e9ditoriales de Jean-Jacques Wunenburger, livres et articles de philosophie dirig\u00e9es par Jean-Jacques Wunenburger","robots":{"index":"index","follow":"follow","max-snippet":"max-snippet:-1","max-image-preview":"max-image-preview:large","max-video-preview":"max-video-preview:-1"},"canonical":"http:\/\/jean-jacques-wunenburger.com\/index.php\/directions-editoriales\/","og_locale":"en_US","og_type":"article","og_title":"Directions \u00e9ditoriales - Jean-Jacques Wunenburger","og_description":"Directions \u00e9ditoriales de Jean-Jacques Wunenburger, livres et articles de philosophie dirig\u00e9es par Jean-Jacques Wunenburger","og_url":"http:\/\/jean-jacques-wunenburger.com\/index.php\/directions-editoriales\/","og_site_name":"Jean-Jacques Wunenburger","article_modified_time":"2023-09-17T13:29:52+00:00","og_image":[{"width":1280,"height":853,"url":"http:\/\/jean-jacques-wunenburger.com\/wp-content\/uploads\/2023\/07\/laptop-3196481_1280.jpg","type":"image\/jpeg"}],"twitter_card":"summary_large_image","twitter_misc":{"Est. reading time":"5 minutes"},"schema":{"@context":"https:\/\/schema.org","@graph":[{"@type":"WebPage","@id":"http:\/\/jean-jacques-wunenburger.com\/index.php\/directions-editoriales\/","url":"http:\/\/jean-jacques-wunenburger.com\/index.php\/directions-editoriales\/","name":"Directions \u00e9ditoriales - Jean-Jacques Wunenburger","isPartOf":{"@id":"https:\/\/jean-jacques-wunenburger.com\/#website"},"primaryImageOfPage":{"@id":"http:\/\/jean-jacques-wunenburger.com\/index.php\/directions-editoriales\/#primaryimage"},"image":{"@id":"http:\/\/jean-jacques-wunenburger.com\/index.php\/directions-editoriales\/#primaryimage"},"thumbnailUrl":"https:\/\/jean-jacques-wunenburger.com\/wp-content\/uploads\/2023\/07\/laptop-3196481_1280.jpg","datePublished":"2023-02-27T11:20:14+00:00","dateModified":"2023-09-17T13:29:52+00:00","description":"Directions \u00e9ditoriales de Jean-Jacques Wunenburger, livres et articles de philosophie dirig\u00e9es par Jean-Jacques Wunenburger","breadcrumb":{"@id":"http:\/\/jean-jacques-wunenburger.com\/index.php\/directions-editoriales\/#breadcrumb"},"inLanguage":"en-US","potentialAction":[{"@type":"ReadAction","target":["http:\/\/jean-jacques-wunenburger.com\/index.php\/directions-editoriales\/"]}]},{"@type":"ImageObject","inLanguage":"en-US","@id":"http:\/\/jean-jacques-wunenburger.com\/index.php\/directions-editoriales\/#primaryimage","url":"https:\/\/jean-jacques-wunenburger.com\/wp-content\/uploads\/2023\/07\/laptop-3196481_1280.jpg","contentUrl":"https:\/\/jean-jacques-wunenburger.com\/wp-content\/uploads\/2023\/07\/laptop-3196481_1280.jpg","width":1280,"height":853,"caption":"directions \u00e9ditoriales de jean-jacques wunenburger"},{"@type":"BreadcrumbList","@id":"http:\/\/jean-jacques-wunenburger.com\/index.php\/directions-editoriales\/#breadcrumb","itemListElement":[{"@type":"ListItem","position":1,"name":"Accueil","item":"https:\/\/jean-jacques-wunenburger.com\/"},{"@type":"ListItem","position":2,"name":"Directions \u00e9ditoriales"}]},{"@type":"WebSite","@id":"https:\/\/jean-jacques-wunenburger.com\/#website","url":"https:\/\/jean-jacques-wunenburger.com\/","name":"Jean-Jacques Wunenburger","description":"Philosophe, Professeur \u00e9m\u00e9rite","potentialAction":[{"@type":"SearchAction","target":{"@type":"EntryPoint","urlTemplate":"https:\/\/jean-jacques-wunenburger.com\/?s={search_term_string}"},"query-input":{"@type":"PropertyValueSpecification","valueRequired":true,"valueName":"search_term_string"}}],"inLanguage":"en-US"}]}},"_links":{"self":[{"href":"https:\/\/jean-jacques-wunenburger.com\/index.php\/wp-json\/wp\/v2\/pages\/214","targetHints":{"allow":["GET"]}}],"collection":[{"href":"https:\/\/jean-jacques-wunenburger.com\/index.php\/wp-json\/wp\/v2\/pages"}],"about":[{"href":"https:\/\/jean-jacques-wunenburger.com\/index.php\/wp-json\/wp\/v2\/types\/page"}],"author":[{"embeddable":true,"href":"https:\/\/jean-jacques-wunenburger.com\/index.php\/wp-json\/wp\/v2\/users\/1"}],"replies":[{"embeddable":true,"href":"https:\/\/jean-jacques-wunenburger.com\/index.php\/wp-json\/wp\/v2\/comments?post=214"}],"version-history":[{"count":83,"href":"https:\/\/jean-jacques-wunenburger.com\/index.php\/wp-json\/wp\/v2\/pages\/214\/revisions"}],"predecessor-version":[{"id":1271,"href":"https:\/\/jean-jacques-wunenburger.com\/index.php\/wp-json\/wp\/v2\/pages\/214\/revisions\/1271"}],"wp:featuredmedia":[{"embeddable":true,"href":"https:\/\/jean-jacques-wunenburger.com\/index.php\/wp-json\/wp\/v2\/media\/1230"}],"wp:attachment":[{"href":"https:\/\/jean-jacques-wunenburger.com\/index.php\/wp-json\/wp\/v2\/media?parent=214"}],"curies":[{"name":"wp","href":"https:\/\/api.w.org\/{rel}","templated":true}]}}