{"id":82,"date":"2023-02-18T17:38:12","date_gmt":"2023-02-18T16:38:12","guid":{"rendered":"http:\/\/jean-jacques-wunenburger.com\/?page_id=82"},"modified":"2023-09-17T15:24:16","modified_gmt":"2023-09-17T13:24:16","slug":"directions-de-theses","status":"publish","type":"page","link":"https:\/\/jean-jacques-wunenburger.com\/index.php\/directions-de-theses\/","title":{"rendered":"Directions de th\u00e8ses"},"content":{"rendered":"\t\t<div data-elementor-type=\"wp-page\" data-elementor-id=\"82\" class=\"elementor elementor-82\">\n\t\t\t\t\t\t<section class=\"elementor-section elementor-top-section elementor-element elementor-element-212ff02 elementor-section-boxed elementor-section-height-default elementor-section-height-default\" data-id=\"212ff02\" data-element_type=\"section\" data-e-type=\"section\">\n\t\t\t\t\t\t<div class=\"elementor-container elementor-column-gap-default\">\n\t\t\t\t\t<div class=\"elementor-column elementor-col-100 elementor-top-column elementor-element elementor-element-4f22552\" data-id=\"4f22552\" data-element_type=\"column\" data-e-type=\"column\">\n\t\t\t<div class=\"elementor-widget-wrap elementor-element-populated\">\n\t\t\t\t\t\t<div class=\"elementor-element elementor-element-5cf6495 elementor-widget elementor-widget-heading\" data-id=\"5cf6495\" data-element_type=\"widget\" data-e-type=\"widget\" data-widget_type=\"heading.default\">\n\t\t\t\t<div class=\"elementor-widget-container\">\n\t\t\t\t\t<h1 class=\"elementor-heading-title elementor-size-xxl\">Directions de th\u00e8ses<\/h1>\t\t\t\t<\/div>\n\t\t\t\t<\/div>\n\t\t\t\t\t<\/div>\n\t\t<\/div>\n\t\t\t\t\t<\/div>\n\t\t<\/section>\n\t\t<div class=\"elementor-element elementor-element-8c4f871 e-flex e-con-boxed e-con e-parent\" data-id=\"8c4f871\" data-element_type=\"container\" data-e-type=\"container\">\n\t\t\t\t\t<div class=\"e-con-inner\">\n\t\t\t\t<div class=\"elementor-element elementor-element-f9c5d70 elementor-widget elementor-widget-heading\" data-id=\"f9c5d70\" data-element_type=\"widget\" data-e-type=\"widget\" data-widget_type=\"heading.default\">\n\t\t\t\t<div class=\"elementor-widget-container\">\n\t\t\t\t\t<h2 class=\"elementor-heading-title elementor-size-default\">Les directions de th\u00e8ses de Jean-Jacques Wunenburger<\/h2>\t\t\t\t<\/div>\n\t\t\t\t<\/div>\n\t\t\t\t\t<\/div>\n\t\t\t\t<\/div>\n\t\t<div class=\"elementor-element elementor-element-32b382b e-flex e-con-boxed e-con e-parent\" data-id=\"32b382b\" data-element_type=\"container\" data-e-type=\"container\">\n\t\t\t\t\t<div class=\"e-con-inner\">\n\t\t\t\t<div class=\"elementor-element elementor-element-1122d18 elementor-widget elementor-widget-text-editor\" data-id=\"1122d18\" data-element_type=\"widget\" data-e-type=\"widget\" data-widget_type=\"text-editor.default\">\n\t\t\t\t<div class=\"elementor-widget-container\">\n\t\t\t\t\t\t\t\t\t<p>Les directions de th\u00e8ses qui jalonnent la carri\u00e8re de Jean-Jacques Wunenburger sont nombreuses depuis l&#8217;ann\u00e9e 1983. Le professeur a dirig\u00e9 pas moins de <a href=\"https:\/\/www.theses.fr\/027200248\" target=\"_blank\" rel=\"noopener\">78 th\u00e8ses<\/a> de doctorat s<i class=\"yiv5355031636\">ur des sujets de recherche de philosophie g\u00e9n\u00e9rale et d\u2019histoire de la philosophie moderne. Accueilliant au sein des laboratoires de recherche des Universit\u00e9s de Dijon (Bourgogne) et de Lyon 3 nombre d\u2019\u00e9tudiants \u00e9trangers de tous pays (avec ou sans bourses de soutien. Parfois sous forme de co-tulle de th\u00e8ses avec l\u2019universit\u00e9 d\u2019origine du candidat). <\/i><\/p><p><i class=\"yiv5355031636\">Son accompagnement dans la recherche doctorale lui a fait privil\u00e9gier la philosophie g\u00e9n\u00e9rale (\u00e9thique, esth\u00e9tique, philosophie politique, m\u00e9taphysique..). Et quelques auteurs contemporains (Bachelard, Ricoeur, Deleuze, Levinas, mais aussi Eliade, Berdiaev, etc). Il a accueilli des profils non acad\u00e9miques (m\u00e9decin, ing\u00e9nieur, architecte, avocat, etc) et d\u2019autres venant souvent <a href=\"https:\/\/jean-jacques-wunenburger.com\/index.php\/relations-internationales\/\" target=\"_blank\" rel=\"noopener\">de pays europ\u00e9ens (Europe centrale) et non-europ\u00e9ens ( Br\u00e9sil, Afrique, Asie du sud-est, etc)<\/a>, dont plusieurs fois sous forme de co-tutelle. <\/i><\/p><p><i class=\"yiv5355031636\">Professeur \u00e9m\u00e9rite depuis 2014, il n\u2019a plus inscrit de nouvelles th\u00e8ses. Une derni\u00e8re th\u00e8se est toutefois soutenue sous sa direction en 2020.<\/i><\/p>\t\t\t\t\t\t\t\t<\/div>\n\t\t\t\t<\/div>\n\t\t\t\t\t<\/div>\n\t\t\t\t<\/div>\n\t\t\t\t<\/div>\n\t\t","protected":false},"excerpt":{"rendered":"<p>Directions de th\u00e8ses Les directions de th\u00e8ses de Jean-Jacques Wunenburger Les directions de th\u00e8ses qui jalonnent la carri\u00e8re de Jean-Jacques Wunenburger sont nombreuses depuis l&#8217;ann\u00e9e 1983. Le professeur a dirig\u00e9 pas moins de 78 th\u00e8ses de doctorat sur des sujets de recherche de philosophie g\u00e9n\u00e9rale et d\u2019histoire de la philosophie moderne. Accueilliant au sein des<\/p>\n<div class=\"more-link\">\n\t\t\t\t <a href=\"https:\/\/jean-jacques-wunenburger.com\/index.php\/directions-de-theses\/\" class=\"link-btn theme-btn\"><span>Read More <\/span> <i class=\"fa fa-caret-right\"><\/i><\/a>\n\t\t\t<\/div>\n","protected":false},"author":1,"featured_media":1160,"parent":0,"menu_order":0,"comment_status":"closed","ping_status":"closed","template":"","meta":{"om_disable_all_campaigns":false,"_monsterinsights_skip_tracking":false,"_monsterinsights_sitenote_active":false,"_monsterinsights_sitenote_note":"","_monsterinsights_sitenote_category":0,"_uf_show_specific_survey":0,"_uf_disable_surveys":false,"footnotes":""},"class_list":["post-82","page","type-page","status-publish","has-post-thumbnail","hentry"],"aioseo_notices":[],"yoast_head":"<!-- This site is optimized with the Yoast SEO plugin v27.4 - https:\/\/yoast.com\/product\/yoast-seo-wordpress\/ -->\n<title>Directions de th\u00e8ses - Jean-Jacques Wunenburger<\/title>\n<meta name=\"description\" content=\"Jean-Jacques Wunenburger directions de th\u00e8ses \u00e0 l&#039;universit\u00e9 de Dijon et \u00e0 l&#039;universit\u00e9 de Lyon 3 Jean-Moulin, doyen et professeur \u00e9m\u00e9rite\" \/>\n<meta name=\"robots\" content=\"index, follow, max-snippet:-1, max-image-preview:large, max-video-preview:-1\" \/>\n<link rel=\"canonical\" href=\"https:\/\/jean-jacques-wunenburger.com\/index.php\/directions-de-theses\/\" \/>\n<meta property=\"og:locale\" content=\"en_US\" \/>\n<meta property=\"og:type\" content=\"article\" \/>\n<meta property=\"og:title\" content=\"Directions de th\u00e8ses - Jean-Jacques Wunenburger\" \/>\n<meta property=\"og:description\" content=\"Jean-Jacques Wunenburger directions de th\u00e8ses \u00e0 l&#039;universit\u00e9 de Dijon et \u00e0 l&#039;universit\u00e9 de Lyon 3 Jean-Moulin, doyen et professeur \u00e9m\u00e9rite\" \/>\n<meta property=\"og:url\" content=\"https:\/\/jean-jacques-wunenburger.com\/index.php\/directions-de-theses\/\" \/>\n<meta property=\"og:site_name\" content=\"Jean-Jacques Wunenburger\" \/>\n<meta property=\"article:modified_time\" content=\"2023-09-17T13:24:16+00:00\" \/>\n<meta property=\"og:image\" content=\"https:\/\/jean-jacques-wunenburger.com\/wp-content\/uploads\/2023\/06\/Banniere_soutenance1-1024x658-1.jpg\" \/>\n\t<meta property=\"og:image:width\" content=\"1024\" \/>\n\t<meta property=\"og:image:height\" content=\"658\" \/>\n\t<meta property=\"og:image:type\" content=\"image\/jpeg\" \/>\n<meta name=\"twitter:card\" content=\"summary_large_image\" \/>\n<meta name=\"twitter:label1\" content=\"Est. reading time\" \/>\n\t<meta name=\"twitter:data1\" content=\"1 minute\" \/>\n<script type=\"application\/ld+json\" class=\"yoast-schema-graph\">{\"@context\":\"https:\\\/\\\/schema.org\",\"@graph\":[{\"@type\":\"WebPage\",\"@id\":\"https:\\\/\\\/jean-jacques-wunenburger.com\\\/index.php\\\/directions-de-theses\\\/\",\"url\":\"https:\\\/\\\/jean-jacques-wunenburger.com\\\/index.php\\\/directions-de-theses\\\/\",\"name\":\"Directions de th\u00e8ses - Jean-Jacques Wunenburger\",\"isPartOf\":{\"@id\":\"https:\\\/\\\/jean-jacques-wunenburger.com\\\/#website\"},\"primaryImageOfPage\":{\"@id\":\"https:\\\/\\\/jean-jacques-wunenburger.com\\\/index.php\\\/directions-de-theses\\\/#primaryimage\"},\"image\":{\"@id\":\"https:\\\/\\\/jean-jacques-wunenburger.com\\\/index.php\\\/directions-de-theses\\\/#primaryimage\"},\"thumbnailUrl\":\"https:\\\/\\\/jean-jacques-wunenburger.com\\\/wp-content\\\/uploads\\\/2023\\\/06\\\/Banniere_soutenance1-1024x658-1.jpg\",\"datePublished\":\"2023-02-18T16:38:12+00:00\",\"dateModified\":\"2023-09-17T13:24:16+00:00\",\"description\":\"Jean-Jacques Wunenburger directions de th\u00e8ses \u00e0 l'universit\u00e9 de Dijon et \u00e0 l'universit\u00e9 de Lyon 3 Jean-Moulin, doyen et professeur \u00e9m\u00e9rite\",\"breadcrumb\":{\"@id\":\"https:\\\/\\\/jean-jacques-wunenburger.com\\\/index.php\\\/directions-de-theses\\\/#breadcrumb\"},\"inLanguage\":\"en-US\",\"potentialAction\":[{\"@type\":\"ReadAction\",\"target\":[\"https:\\\/\\\/jean-jacques-wunenburger.com\\\/index.php\\\/directions-de-theses\\\/\"]}]},{\"@type\":\"ImageObject\",\"inLanguage\":\"en-US\",\"@id\":\"https:\\\/\\\/jean-jacques-wunenburger.com\\\/index.php\\\/directions-de-theses\\\/#primaryimage\",\"url\":\"https:\\\/\\\/jean-jacques-wunenburger.com\\\/wp-content\\\/uploads\\\/2023\\\/06\\\/Banniere_soutenance1-1024x658-1.jpg\",\"contentUrl\":\"https:\\\/\\\/jean-jacques-wunenburger.com\\\/wp-content\\\/uploads\\\/2023\\\/06\\\/Banniere_soutenance1-1024x658-1.jpg\",\"width\":1024,\"height\":658,\"caption\":\"th\u00e8ses de doctorat dirig\u00e9es par Jean-Jacques Wunenburger\"},{\"@type\":\"BreadcrumbList\",\"@id\":\"https:\\\/\\\/jean-jacques-wunenburger.com\\\/index.php\\\/directions-de-theses\\\/#breadcrumb\",\"itemListElement\":[{\"@type\":\"ListItem\",\"position\":1,\"name\":\"Accueil\",\"item\":\"https:\\\/\\\/jean-jacques-wunenburger.com\\\/\"},{\"@type\":\"ListItem\",\"position\":2,\"name\":\"Directions de th\u00e8ses\"}]},{\"@type\":\"WebSite\",\"@id\":\"https:\\\/\\\/jean-jacques-wunenburger.com\\\/#website\",\"url\":\"https:\\\/\\\/jean-jacques-wunenburger.com\\\/\",\"name\":\"Jean-Jacques Wunenburger\",\"description\":\"Philosophe, Professeur \u00e9m\u00e9rite\",\"potentialAction\":[{\"@type\":\"SearchAction\",\"target\":{\"@type\":\"EntryPoint\",\"urlTemplate\":\"https:\\\/\\\/jean-jacques-wunenburger.com\\\/?s={search_term_string}\"},\"query-input\":{\"@type\":\"PropertyValueSpecification\",\"valueRequired\":true,\"valueName\":\"search_term_string\"}}],\"inLanguage\":\"en-US\"}]}<\/script>\n<!-- \/ Yoast SEO plugin. -->","yoast_head_json":{"title":"Directions de th\u00e8ses - Jean-Jacques Wunenburger","description":"Jean-Jacques Wunenburger directions de th\u00e8ses \u00e0 l'universit\u00e9 de Dijon et \u00e0 l'universit\u00e9 de Lyon 3 Jean-Moulin, doyen et professeur \u00e9m\u00e9rite","robots":{"index":"index","follow":"follow","max-snippet":"max-snippet:-1","max-image-preview":"max-image-preview:large","max-video-preview":"max-video-preview:-1"},"canonical":"https:\/\/jean-jacques-wunenburger.com\/index.php\/directions-de-theses\/","og_locale":"en_US","og_type":"article","og_title":"Directions de th\u00e8ses - Jean-Jacques Wunenburger","og_description":"Jean-Jacques Wunenburger directions de th\u00e8ses \u00e0 l'universit\u00e9 de Dijon et \u00e0 l'universit\u00e9 de Lyon 3 Jean-Moulin, doyen et professeur \u00e9m\u00e9rite","og_url":"https:\/\/jean-jacques-wunenburger.com\/index.php\/directions-de-theses\/","og_site_name":"Jean-Jacques Wunenburger","article_modified_time":"2023-09-17T13:24:16+00:00","og_image":[{"width":1024,"height":658,"url":"https:\/\/jean-jacques-wunenburger.com\/wp-content\/uploads\/2023\/06\/Banniere_soutenance1-1024x658-1.jpg","type":"image\/jpeg"}],"twitter_card":"summary_large_image","twitter_misc":{"Est. reading time":"1 minute"},"schema":{"@context":"https:\/\/schema.org","@graph":[{"@type":"WebPage","@id":"https:\/\/jean-jacques-wunenburger.com\/index.php\/directions-de-theses\/","url":"https:\/\/jean-jacques-wunenburger.com\/index.php\/directions-de-theses\/","name":"Directions de th\u00e8ses - Jean-Jacques Wunenburger","isPartOf":{"@id":"https:\/\/jean-jacques-wunenburger.com\/#website"},"primaryImageOfPage":{"@id":"https:\/\/jean-jacques-wunenburger.com\/index.php\/directions-de-theses\/#primaryimage"},"image":{"@id":"https:\/\/jean-jacques-wunenburger.com\/index.php\/directions-de-theses\/#primaryimage"},"thumbnailUrl":"https:\/\/jean-jacques-wunenburger.com\/wp-content\/uploads\/2023\/06\/Banniere_soutenance1-1024x658-1.jpg","datePublished":"2023-02-18T16:38:12+00:00","dateModified":"2023-09-17T13:24:16+00:00","description":"Jean-Jacques Wunenburger directions de th\u00e8ses \u00e0 l'universit\u00e9 de Dijon et \u00e0 l'universit\u00e9 de Lyon 3 Jean-Moulin, doyen et professeur \u00e9m\u00e9rite","breadcrumb":{"@id":"https:\/\/jean-jacques-wunenburger.com\/index.php\/directions-de-theses\/#breadcrumb"},"inLanguage":"en-US","potentialAction":[{"@type":"ReadAction","target":["https:\/\/jean-jacques-wunenburger.com\/index.php\/directions-de-theses\/"]}]},{"@type":"ImageObject","inLanguage":"en-US","@id":"https:\/\/jean-jacques-wunenburger.com\/index.php\/directions-de-theses\/#primaryimage","url":"https:\/\/jean-jacques-wunenburger.com\/wp-content\/uploads\/2023\/06\/Banniere_soutenance1-1024x658-1.jpg","contentUrl":"https:\/\/jean-jacques-wunenburger.com\/wp-content\/uploads\/2023\/06\/Banniere_soutenance1-1024x658-1.jpg","width":1024,"height":658,"caption":"th\u00e8ses de doctorat dirig\u00e9es par Jean-Jacques Wunenburger"},{"@type":"BreadcrumbList","@id":"https:\/\/jean-jacques-wunenburger.com\/index.php\/directions-de-theses\/#breadcrumb","itemListElement":[{"@type":"ListItem","position":1,"name":"Accueil","item":"https:\/\/jean-jacques-wunenburger.com\/"},{"@type":"ListItem","position":2,"name":"Directions de th\u00e8ses"}]},{"@type":"WebSite","@id":"https:\/\/jean-jacques-wunenburger.com\/#website","url":"https:\/\/jean-jacques-wunenburger.com\/","name":"Jean-Jacques Wunenburger","description":"Philosophe, Professeur \u00e9m\u00e9rite","potentialAction":[{"@type":"SearchAction","target":{"@type":"EntryPoint","urlTemplate":"https:\/\/jean-jacques-wunenburger.com\/?s={search_term_string}"},"query-input":{"@type":"PropertyValueSpecification","valueRequired":true,"valueName":"search_term_string"}}],"inLanguage":"en-US"}]}},"_links":{"self":[{"href":"https:\/\/jean-jacques-wunenburger.com\/index.php\/wp-json\/wp\/v2\/pages\/82","targetHints":{"allow":["GET"]}}],"collection":[{"href":"https:\/\/jean-jacques-wunenburger.com\/index.php\/wp-json\/wp\/v2\/pages"}],"about":[{"href":"https:\/\/jean-jacques-wunenburger.com\/index.php\/wp-json\/wp\/v2\/types\/page"}],"author":[{"embeddable":true,"href":"https:\/\/jean-jacques-wunenburger.com\/index.php\/wp-json\/wp\/v2\/users\/1"}],"replies":[{"embeddable":true,"href":"https:\/\/jean-jacques-wunenburger.com\/index.php\/wp-json\/wp\/v2\/comments?post=82"}],"version-history":[{"count":56,"href":"https:\/\/jean-jacques-wunenburger.com\/index.php\/wp-json\/wp\/v2\/pages\/82\/revisions"}],"predecessor-version":[{"id":1265,"href":"https:\/\/jean-jacques-wunenburger.com\/index.php\/wp-json\/wp\/v2\/pages\/82\/revisions\/1265"}],"wp:featuredmedia":[{"embeddable":true,"href":"https:\/\/jean-jacques-wunenburger.com\/index.php\/wp-json\/wp\/v2\/media\/1160"}],"wp:attachment":[{"href":"https:\/\/jean-jacques-wunenburger.com\/index.php\/wp-json\/wp\/v2\/media?parent=82"}],"curies":[{"name":"wp","href":"https:\/\/api.w.org\/{rel}","templated":true}]}}